{"id":2372,"date":"2023-03-29T19:01:02","date_gmt":"2023-03-29T19:01:02","guid":{"rendered":"https:\/\/www.maslakbaski.com\/?post_type=product&#038;p=2372"},"modified":"2023-03-29T19:01:02","modified_gmt":"2023-03-29T19:01:02","slug":"sadakat-karti-2","status":"publish","type":"product","link":"http:\/\/www.maslakbaski.com\/index.php\/urun\/sadakat-karti-2\/","title":{"rendered":"Sadakat Kart\u0131"},"content":{"rendered":"<div class=\"message-2CShn3 cozyMessage-1DWF9U wrapper-30-Nkg cozy-VmLDNB zalgo-26OfGz\" tabindex=\"-1\" role=\"article\" data-list-item-id=\"chat-messages___chat-messages-1090655755058827368-1090698826345631804\" aria-setsize=\"-1\" aria-roledescription=\"Mesaj\" aria-labelledby=\"message-username-1090698754346209420 uid_1 message-content-1090698826345631804 uid_2 message-timestamp-1090698826345631804\">\n<div class=\"contents-2MsGLg\">\n<div id=\"message-content-1090698826345631804\" class=\"markup-eYLPri messageContent-2t3eCI\">M\u00fc\u015fteri sadakat kart\u0131 olarak tan\u0131mlanan kartlar, belli bir amaca sahiptir ve m\u00fc\u015fteriler ile firmalar aras\u0131nda bir ba\u011f kurar. Bu t\u00fcr kartlar, i\u015fletmelerin devaml\u0131 m\u00fc\u015fterilerini tespit etmesini sa\u011flar, anl\u0131k fiyat d\u00fczenlemelerini m\u00fcmk\u00fcn k\u0131lar, hediye kampanyalar\u0131na destek olur ve m\u00fc\u015fterilere ula\u015fmay\u0131 kolayla\u015ft\u0131r\u0131r. Bu uygulaman\u0131n ve bu t\u00fcr bask\u0131 \u00fcr\u00fcnlerinin temel amac\u0131 ise m\u00fc\u015fterinin devaml\u0131l\u0131\u011f\u0131n\u0131 sa\u011flamakt\u0131r. \u0130\u015fletme ile m\u00fc\u015fteri aras\u0131ndaki ba\u011f\u0131 kuvvetlendiren ve adeta samimiyet kazand\u0131ran kartlar, m\u00fc\u015fterinin kararlar\u0131na etkide bulunur. S\u00f6z konusu i\u015fletmeyi tercih etme ihtimalini art\u0131r\u0131r. Bu sebeple de maliyeti d\u00fc\u015f\u00fck olmakla birlikte, reklam ve tan\u0131t\u0131m anlam\u0131nda verimlili\u011fi y\u00fcksek olan bir ara\u00e7t\u0131r.<\/div>\n<div><\/div>\n<div class=\"markup-eYLPri messageContent-2t3eCI\">Sadakat Kart\u0131 \u00d6zellikleri<\/div>\n<div><\/div>\n<div class=\"markup-eYLPri messageContent-2t3eCI\">Sadakat kart\u0131, \u00e7e\u015fitli malzemelerden \u00fcretilebiliyor. En s\u0131k tercih edilen ka\u011f\u0131t se\u00e7enekleri 350 gr. Mat ve 300 gr. Kraft olmaktad\u0131r. Bu \u015fekilde \u015f\u0131k ve kullan\u0131\u015fl\u0131 \u00fcr\u00fcnler elde edilir. Di\u011fer taraftan tasar\u0131ma da dikkat etmek gerek. \u0130\u015fletmenin ad\u0131, logosu, slogan\u0131 ve benzeri \u00e7e\u015fitli bilgileri bu kart \u00fczerinde yer alabilir. Ancak dikkat \u00e7ekici renkler, ilgi \u00e7ekici bir tasar\u0131m, minimalist konumland\u0131rma, tasar\u0131m\u0131n daha g\u00f6z al\u0131c\u0131 olmas\u0131n\u0131 sa\u011flar. Ayr\u0131ca dikkat \u00e7ekicilik, m\u00fc\u015fterilerin daha fazla ilgi g\u00f6stermesini de sa\u011flar. Bu sebeple i\u015fletmeye \u00f6zel bir tasar\u0131m yap\u0131lacak, m\u00fc\u015fteriler ile i\u015fletme aras\u0131nda sa\u011flam bir ba\u011f kurulacakt\u0131r.<\/div>\n<\/div>\n<\/div>\n","protected":false},"excerpt":{"rendered":"<p>M\u00fc\u015fteri sadakat kart\u0131 olarak tan\u0131mlanan kartlar, belli bir amaca sahiptir ve m\u00fc\u015fteriler ile firmalar aras\u0131nda bir ba\u011f kurar. Bu t\u00fcr kartlar, i\u015fletmelerin devaml\u0131 m\u00fc\u015fterilerini tespit etmesini sa\u011flar, anl\u0131k fiyat d\u00fczenlemelerini m\u00fcmk\u00fcn k\u0131lar, hediye kampanyalar\u0131na destek olur ve m\u00fc\u015fterilere ula\u015fmay\u0131 kolayla\u015ft\u0131r\u0131r. Bu uygulaman\u0131n ve bu t\u00fcr bask\u0131 \u00fcr\u00fcnlerinin temel amac\u0131 ise m\u00fc\u015fterinin devaml\u0131l\u0131\u011f\u0131n\u0131 sa\u011flamakt\u0131r. \u0130\u015fletme ile &hellip;<\/p>\n<p class=\"read-more\"> <a class=\"\" href=\"http:\/\/www.maslakbaski.com\/index.php\/urun\/sadakat-karti-2\/\"> <span class=\"screen-reader-text\">Sadakat Kart\u0131<\/span> Read More &raquo;<\/a><\/p>\n","protected":false},"featured_media":2374,"template":"","meta":{"om_disable_all_campaigns":false,"_mi_skip_tracking":false,"site-sidebar-layout":"default","site-content-layout":"default","ast-global-header-display":"","ast-main-header-display":"","ast-hfb-above-header-display":"","ast-hfb-below-header-display":"","ast-hfb-mobile-header-display":"","site-post-title":"","ast-breadcrumbs-content":"","ast-featured-img":"","footer-sml-layout":"","theme-transparent-header-meta":"default","adv-header-id-meta":"","stick-header-meta":"","header-above-stick-meta":"","header-main-stick-meta":"","header-below-stick-meta":""},"product_cat":[15,37],"product_tag":[],"aioseo_notices":[],"_links":{"self":[{"href":"http:\/\/www.maslakbaski.com\/index.php\/wp-json\/wp\/v3\/product\/2372"}],"collection":[{"href":"http:\/\/www.maslakbaski.com\/index.php\/wp-json\/wp\/v3\/product"}],"about":[{"href":"http:\/\/www.maslakbaski.com\/index.php\/wp-json\/wp\/v2\/types\/product"}],"wp:featuredmedia":[{"embeddable":true,"href":"http:\/\/www.maslakbaski.com\/index.php\/wp-json\/wp\/v2\/media\/2374"}],"wp:attachment":[{"href":"http:\/\/www.maslakbaski.com\/index.php\/wp-json\/wp\/v2\/media?parent=2372"}],"wp:term":[{"taxonomy":"product_cat","embeddable":true,"href":"http:\/\/www.maslakbaski.com\/index.php\/wp-json\/wp\/v2\/product_cat?post=2372"},{"taxonomy":"product_tag","embeddable":true,"href":"http:\/\/www.maslakbaski.com\/index.php\/wp-json\/wp\/v2\/product_tag?post=2372"}],"curies":[{"name":"wp","href":"https:\/\/api.w.org\/{rel}","templated":true}]}}