{"id":2367,"date":"2023-03-29T18:51:44","date_gmt":"2023-03-29T18:51:44","guid":{"rendered":"https:\/\/www.maslakbaski.com\/?post_type=product&#038;p=2367"},"modified":"2023-03-29T18:52:27","modified_gmt":"2023-03-29T18:52:27","slug":"oval-kenarli-kartvizit","status":"publish","type":"product","link":"http:\/\/www.maslakbaski.com\/index.php\/urun\/oval-kenarli-kartvizit\/","title":{"rendered":"Oval Kenarl\u0131 Kartvizit"},"content":{"rendered":"<p>Kartvizitler, ki\u015fisel ve profesyonel markala\u015fmada \u00f6nemli bir ara\u00e7t\u0131r. Tasar\u0131m ve \u00f6zellikleri de bu ama\u00e7 do\u011frultusunda belirlenir. Baz\u0131 kartvizitlerin kabartmal\u0131 ve lakl\u0131 tasar\u0131mlar\u0131 vard\u0131r, mat selefon kullan\u0131l\u0131r. Bunlar, standart kartvizitlerin yan\u0131 s\u0131ra farkl\u0131 bir se\u00e7enektir. Ayr\u0131ca, \u00e7ift y\u00f6nl\u00fc ve katlamal\u0131 kartvizitler de m\u00fc\u015fteriler taraf\u0131ndan s\u0131kl\u0131kla tercih edilir. Ka\u011f\u0131t bask\u0131 kartvizitlerin yan\u0131 s\u0131ra, kraft kartvizitler de yarat\u0131c\u0131 ve do\u011fal bir se\u00e7enektir. Kartvizitlerin boyutu, kesimi ve tasar\u0131m\u0131 m\u00fc\u015fterilerin ihtiya\u00e7lar\u0131na g\u00f6re \u00f6zelle\u015ftirilebilir.<\/p>\n","protected":false},"excerpt":{"rendered":"<p>Kartvizitler, ki\u015fisel ve profesyonel markala\u015fmada \u00f6nemli bir ara\u00e7t\u0131r. Tasar\u0131m ve \u00f6zellikleri de bu ama\u00e7 do\u011frultusunda belirlenir. Baz\u0131 kartvizitlerin kabartmal\u0131 ve lakl\u0131 tasar\u0131mlar\u0131 vard\u0131r, mat selefon kullan\u0131l\u0131r. Bunlar, standart kartvizitlerin yan\u0131 s\u0131ra farkl\u0131 bir se\u00e7enektir. Ayr\u0131ca, \u00e7ift y\u00f6nl\u00fc ve katlamal\u0131 kartvizitler de m\u00fc\u015fteriler taraf\u0131ndan s\u0131kl\u0131kla tercih edilir. Ka\u011f\u0131t bask\u0131 kartvizitlerin yan\u0131 s\u0131ra, kraft kartvizitler de yarat\u0131c\u0131 &hellip;<\/p>\n<p class=\"read-more\"> <a class=\"\" href=\"http:\/\/www.maslakbaski.com\/index.php\/urun\/oval-kenarli-kartvizit\/\"> <span class=\"screen-reader-text\">Oval Kenarl\u0131 Kartvizit<\/span> Read More &raquo;<\/a><\/p>\n","protected":false},"featured_media":2368,"template":"","meta":{"om_disable_all_campaigns":false,"_mi_skip_tracking":false,"site-sidebar-layout":"default","site-content-layout":"default","ast-global-header-display":"","ast-main-header-display":"","ast-hfb-above-header-display":"","ast-hfb-below-header-display":"","ast-hfb-mobile-header-display":"","site-post-title":"","ast-breadcrumbs-content":"","ast-featured-img":"","footer-sml-layout":"","theme-transparent-header-meta":"default","adv-header-id-meta":"","stick-header-meta":"","header-above-stick-meta":"","header-main-stick-meta":"","header-below-stick-meta":""},"product_cat":[15,33],"product_tag":[],"aioseo_notices":[],"_links":{"self":[{"href":"http:\/\/www.maslakbaski.com\/index.php\/wp-json\/wp\/v3\/product\/2367"}],"collection":[{"href":"http:\/\/www.maslakbaski.com\/index.php\/wp-json\/wp\/v3\/product"}],"about":[{"href":"http:\/\/www.maslakbaski.com\/index.php\/wp-json\/wp\/v2\/types\/product"}],"wp:featuredmedia":[{"embeddable":true,"href":"http:\/\/www.maslakbaski.com\/index.php\/wp-json\/wp\/v2\/media\/2368"}],"wp:attachment":[{"href":"http:\/\/www.maslakbaski.com\/index.php\/wp-json\/wp\/v2\/media?parent=2367"}],"wp:term":[{"taxonomy":"product_cat","embeddable":true,"href":"http:\/\/www.maslakbaski.com\/index.php\/wp-json\/wp\/v2\/product_cat?post=2367"},{"taxonomy":"product_tag","embeddable":true,"href":"http:\/\/www.maslakbaski.com\/index.php\/wp-json\/wp\/v2\/product_tag?post=2367"}],"curies":[{"name":"wp","href":"https:\/\/api.w.org\/{rel}","templated":true}]}}