{"id":2362,"date":"2023-03-29T18:41:20","date_gmt":"2023-03-29T18:41:20","guid":{"rendered":"https:\/\/www.maslakbaski.com\/?post_type=product&#038;p=2362"},"modified":"2023-03-29T18:44:36","modified_gmt":"2023-03-29T18:44:36","slug":"kraft-kartvizit","status":"publish","type":"product","link":"http:\/\/www.maslakbaski.com\/index.php\/urun\/kraft-kartvizit\/","title":{"rendered":"Kraft Kartvizit"},"content":{"rendered":"<p>G\u00fcn\u00fcm\u00fczde i\u015f d\u00fcnyas\u0131nda, kartvizitler hayati \u00f6neme sahiptir. T\u00fcm profesyoneller, i\u015flerinde ba\u015far\u0131l\u0131 olmak i\u00e7in kartvizitlerine ihtiya\u00e7 duymaktad\u0131rlar. Kartvizitlerin fonksiyonu olduk\u00e7a \u00f6nemli oldu\u011fundan, tasar\u0131mlar\u0131 ve malzemeleri de b\u00fcy\u00fck bir \u00f6nem ta\u015f\u0131maktad\u0131r. Kraft kartvizitler, \u015f\u0131k, do\u011fal duru\u015flu ve olu\u015fturduklar\u0131 imaj ile \u00f6ne \u00e7\u0131kan bir tercih haline gelmi\u015ftir. Bu \u00fcr\u00fcnler, farkl\u0131 modellerde, farkl\u0131 bask\u0131 malzemeleri ve teknikleri ile tasarlanabilmektedirler. Ancak, Kraft malzeme kullan\u0131larak tasarlanan kartvizitler, dikkat \u00e7ekici bir g\u00f6r\u00fcn\u00fcme sahip olmaktad\u0131rlar. 700gr&#8217;l\u0131k Kraft ka\u011f\u0131t \u00fczerine bask\u0131 yap\u0131lmas\u0131, bu kartvizitlerin kalitesinin y\u00fcksek oldu\u011funun bir g\u00f6stergesidir. E\u011fer standartlar\u0131n d\u0131\u015f\u0131nda ve \u00f6zg\u00fcn bir se\u00e7im yapmak istiyorsan\u0131z, bu t\u00fcr alternatif kartvizitleri tercih edebilirsiniz.<\/p>\n","protected":false},"excerpt":{"rendered":"<p>G\u00fcn\u00fcm\u00fczde i\u015f d\u00fcnyas\u0131nda, kartvizitler hayati \u00f6neme sahiptir. T\u00fcm profesyoneller, i\u015flerinde ba\u015far\u0131l\u0131 olmak i\u00e7in kartvizitlerine ihtiya\u00e7 duymaktad\u0131rlar. Kartvizitlerin fonksiyonu olduk\u00e7a \u00f6nemli oldu\u011fundan, tasar\u0131mlar\u0131 ve malzemeleri de b\u00fcy\u00fck bir \u00f6nem ta\u015f\u0131maktad\u0131r. Kraft kartvizitler, \u015f\u0131k, do\u011fal duru\u015flu ve olu\u015fturduklar\u0131 imaj ile \u00f6ne \u00e7\u0131kan bir tercih haline gelmi\u015ftir. Bu \u00fcr\u00fcnler, farkl\u0131 modellerde, farkl\u0131 bask\u0131 malzemeleri ve teknikleri ile tasarlanabilmektedirler. &hellip;<\/p>\n<p class=\"read-more\"> <a class=\"\" href=\"http:\/\/www.maslakbaski.com\/index.php\/urun\/kraft-kartvizit\/\"> <span class=\"screen-reader-text\">Kraft Kartvizit<\/span> Read More &raquo;<\/a><\/p>\n","protected":false},"featured_media":2365,"template":"","meta":{"om_disable_all_campaigns":false,"_mi_skip_tracking":false,"site-sidebar-layout":"default","site-content-layout":"default","ast-global-header-display":"","ast-main-header-display":"","ast-hfb-above-header-display":"","ast-hfb-below-header-display":"","ast-hfb-mobile-header-display":"","site-post-title":"","ast-breadcrumbs-content":"","ast-featured-img":"","footer-sml-layout":"","theme-transparent-header-meta":"default","adv-header-id-meta":"","stick-header-meta":"","header-above-stick-meta":"","header-main-stick-meta":"","header-below-stick-meta":""},"product_cat":[15,33],"product_tag":[],"aioseo_notices":[],"_links":{"self":[{"href":"http:\/\/www.maslakbaski.com\/index.php\/wp-json\/wp\/v3\/product\/2362"}],"collection":[{"href":"http:\/\/www.maslakbaski.com\/index.php\/wp-json\/wp\/v3\/product"}],"about":[{"href":"http:\/\/www.maslakbaski.com\/index.php\/wp-json\/wp\/v2\/types\/product"}],"wp:featuredmedia":[{"embeddable":true,"href":"http:\/\/www.maslakbaski.com\/index.php\/wp-json\/wp\/v2\/media\/2365"}],"wp:attachment":[{"href":"http:\/\/www.maslakbaski.com\/index.php\/wp-json\/wp\/v2\/media?parent=2362"}],"wp:term":[{"taxonomy":"product_cat","embeddable":true,"href":"http:\/\/www.maslakbaski.com\/index.php\/wp-json\/wp\/v2\/product_cat?post=2362"},{"taxonomy":"product_tag","embeddable":true,"href":"http:\/\/www.maslakbaski.com\/index.php\/wp-json\/wp\/v2\/product_tag?post=2362"}],"curies":[{"name":"wp","href":"https:\/\/api.w.org\/{rel}","templated":true}]}}